100 + (-8756)/(-14) is divided by 73?
41
Let i be (-1)/(7/(6 + -1343)). Let t = i + -63. Calculate the remainder when 389 is divided by t.
5
Let t = -4464 - -4560. Calculate the remainder when 373 is divided by t.
85
Let b = -33 - -43. Let r be 15/b*4 + -4. Suppose -2*p = -5*d - 25, 3*p - 25 = -r*d + 22. Calculate the remainder when 57 is divided by p.
12
Suppose -3*u - 4*k = -1748, -1162 = -7*u + 5*u - k. Suppose -14*d = -u - 50. Calculate the remainder when 313 is divided by d.
43
Suppose 4*z - 18*z + 18265 = -775. Calculate the remainder when z is divided by 153.
136
Let k(f) be the second derivative of 2*f**3/3 - f. Let c be k(2). Suppose -4*n + c = -2*n. Calculate the remainder when 5 is divided by n.
1
Suppose t = -2*t - 21. Let y = 21 - t. Suppose 5*r - w - 272 = 0, 4*r + 0*w - 229 = -3*w. What is the remainder when r is divided by y?
27
Let b be 1*(9*(-3)/(-9) - 2). What is the remainder when 68 is divided by 46/6*b*(8 - 5)?
22
Let f be (1 - -5)*3 + 3. Suppose 5*y + 0*y = -2*q + f, q = -5*y + 18. Suppose 85 - 22 = y*i. What is the remainder when 82 is divided by i?
19
Suppose 3*s - y = 928, 29*s - 2*y = 30*s - 314. What is the remainder when s is divided by 62?
0
Let y = 4562 - 4520. What is the remainder when 879 is divided by y?
39
Suppose 21*k + 3878 = 35*k. Suppose 101 - k = -16*p. What is the remainder when 96 is divided by p?
8
Let u be 1*(-4 + (0 - -3))*-43. Suppose -u = -z + 83. What is the remainder when z is divided by 43?
40
Let c(u) = 503*u**3 + 2*u**2 - 2*u + 1. Let i be c(1). Let v = -269 + i. Calculate the remainder when v is divided by 60.
55
Let z be -1 + 1 - (-6)/3. Suppose -162 = -p - 3. Suppose 5*r - z*r - p = 0. What is the remainder when r is divided by 11?
9
Let y be 6/4 - 14/(-4). Suppose -224 = -2*d - 4*c, -5*d + 271 = y*c - 274. Let a(s) = -20*s**2 - 86*s + 3. What is the remainder when d is divided by a(-4)?
25
Suppose -81 = -11*b + 84. What is the remainder when 185 is divided by 5*96/b*2?
57
Calculate the remainder when (-70)/(3*18/(-297)) is divided by 121.
22
Suppose 0 = -5*g + 143 + 37. Let s = -382 + 385. Suppose 6 = t - f, 0 = s*f + 2 - 14. Calculate the remainder when g is divided by t.
6
Suppose h + 37 = 3*t + 11, 0 = -2*t + 10. Let n = 17 + h. Suppose 1465 = 105*z - 110. Calculate the remainder when z is divided by n.
3
Let h(g) = -3*g - 4. Let o be h(-4). Let y(j) = -83*j + 20. Let t be y(o). What is the remainder when t/(-8)*(-12)/(-7) is divided by 35?
33
What is the remainder when (4 + -36)/(4/(-56)) is divided by (18/(-4))/(-23 - 855/(-38))?
7
Let g = 3931 - 3883. Calculate the remainder when 1051 is divided by g.
43
Let j = -80 - -82. Suppose 9*s = 5*s, j*a - 50 = -s. Calculate the remainder when a is divided by 20.
5
Let u(r) be the second derivative of -r**4/12 - 11*r**3/6 + 3*r**2/2 - 10*r. Let c be u(-16). Let x = c + 126. What is the remainder when x is divided by 17?
15
What is the remainder when 765 is divided by 3/54*2 + (-5713)/(-261)?
17
Let b be 2/((5/910)/1*1). Suppose -1062 - b = -23*p. What is the remainder when p is divided by 27?
8
Let c be 7/2*(20 - 24). Suppose -3*o + 5*v + 44 = 0, 5*o - 2*v - 60 = -7*v. Calculate the remainder when ((-38)/c)/(5/(32 - -3)) is divided by o.
6
Suppose 28188 = -2702*h + 2720*h. Calculate the remainder when h is divided by 151.
56
Let l(k) = -2*k**2 + 4*k + 10. Let b be l(5). Let g = b - -21. Calculate the remainder when 26 is divided by ((-22)/3)/(g/(9/(-6))).
4
Let p(n) = n**2 - 4*n - 8. Let h be p(5). Let r be ((h - -4)*10)/2. Suppose 0 + 75 = r*j. Calculate the remainder when 23 is divided by j.
8
Suppose -5*t = 4*t - 2079. Let i be 305 + -21 - (0 + 2/1). Suppose -6*h = -0*h - i. Calculate the remainder when t is divided by h.
43
Suppose -158*i = -82670 + 11412. What is the remainder when i is divided by 229?
222
Let m(y) = 2*y**2 + 6*y + 18. Calculate the remainder when 60 is divided by m(-5).
22
Suppose 7 - 3 = -2*j. Suppose 0*u - 2*u + 4*z = -26, 39 = 3*u + 5*z. What is the remainder when u is divided by (-3 - -4*(-2)/(-4))*j?
1
Let t(u) = 17*u - 3. Let v be t(-4). Let i = 119 + v. Suppose 2*w - i = -3*a, -7*a - 6 = -4*a. What is the remainder when 80 is divided by w?
26
Let h be -2 - (0 - 3) - (5 - 8). Let l(s) = 97*s + 3. Let c be l(h). Suppose 15*j - 134 - c = 0. What is the remainder when j is divided by 19?
16
Suppose -21*r + 13*r - 1056 = 0. Let d = 173 + r. Calculate the remainder when 113 is divided by d.
31
Let w(b) = -b**3 + 9*b**2 + 11*b + 8. Suppose 23*x + 15*x = -15*x + 2597. What is the remainder when x is divided by w(10)?
13
Let h(u) = 6*u**2 + 33*u + 203. What is the remainder when 1039 is divided by h(-7)?
241
Suppose -2*j - 3*d = -96, 5*d - 11 + 151 = 5*j. Calculate the remainder when (-1)/(-5) + (-4314)/(-5) is divided by j.
35
Suppose 4488 = 1200*v - 1183*v. Calculate the remainder when v is divided by 53.
52
Suppose 5*g - 163 = 4*g + 4*h, g - 158 = -h. What is the remainder when g is divided by 54?
51
Let l(u) = 13246*u**3 + 5*u**2 - 29*u + 21. Calculate the remainder when l(1) is divided by 14.
13
Let r = -485 + -43. Let n = -508 - r. Calculate the remainder when 40 is divided by n.
0
Let q = 152 + -45. Suppose -96*d + 71*d + 391 + 559 = 0. Calculate the remainder when q is divided by d.
31
Suppose -2*p + 38 + 40 = 0. Let z = -11 + p. Calculate the remainder when 53 is divided by z.
25
Let d be 63/6*136/(-6). Calculate the remainder when 40/(-4) - -7 - d is divided by 34.
31
Suppose -319*v + 112 = -321*v. Let m = v + 274. What is the remainder when m is divided by 28?
22
Let v be (2 - 3)/(1/(-3)). Suppose -v*h - 3*d = -2*d - 778, -1034 = -4*h - 2*d. Calculate the remainder when h is divided by 53.
49
Let l = -2650 + 2662. What is the remainder when l is divided by (4/4 - -1) + 4?
0
Let h = -9 - -5. Suppose -171*y = -181*y + 90. What is the remainder when 707/21 + h/6 is divided by y?
6
Suppose 5*q = -2*r + 13277, -14*r + 9*r + 13280 = 5*q. Calculate the remainder when q is divided by 20.
15
Let b = 6662 + -5795. What is the remainder when b is divided by 14?
13
Let j(d) = d**2. Let c(v) = 8*v**2 - 2*v - 73. Let w(m) = c(m) + 3*j(m). What is the remainder when w(5) is divided by 52?
36
Let d(k) = 454*k**2 + 842*k - 8. What is the remainder when 235 is divided by d(-2)?
111
Calculate the remainder when 1442 is divided by 4/(26*14/1911).
14
Suppose 2*r - 44 - 2 = 2*w, 5*w = -r - 7. What is the remainder when (-6)/(-21) - (14358/(-168) - 11/44) is divided by r?
14
Let v be (1 + -2 - 3)*(-21)/42. Suppose -2*d + v = -6. Calculate the remainder when 8/d*65/10 is divided by 5.
3
Let i = -11 + 18. Calculate the remainder when 77724/357 + 10 + 6/21 is divided by i.
4
Suppose -5*y = 30 - 45. Calculate the remainder when (y/(-6))/(8/(-1120)) is divided by 20.
10
Suppose -20*m = -16*m - 160. Suppose -3*g = 5*l - 2*g - m, -l + 4*g = -29. Calculate the remainder when 106 is divided by l.
7
Let h(y) be the first derivative of 9*y - y**2 + 6 + 1/3*y**3. What is the remainder when h(9) is divided by 25?
22
Let a = 524 + -409. What is the remainder when a is divided by 70?
45
Let o(l) = -l**3 + 2*l**2 + 126*l + 90. Suppose 2*h = 4*x + 7*h - 480, -2*h + 468 = 4*x. Calculate the remainder when x is divided by o(-10).
25
Suppose -5*s = 4*l - 168, -4*l + 23 + 133 = 2*s. What is the remainder when 265 is divided by l?
6
Let b be (-33)/(-44) - 13/(-4). Suppose 2*z - b*s = 108, -3*z - 2*s + 167 = -7*s. Calculate the remainder when z is divided by 23.
18
Let n(a) be the first derivative of a**4/4 + 10*a**3/3 + 5*a**2 + 23*a + 99. Calculate the remainder when 424 is divided by n(-8).
69
Suppose 5*f = -0*f + 20, -2*f = 3*p - 344. Calculate the remainder when p is divided by (-138)/(-8)*13*80/780.
20
Let p(l) = -l**3 + 39*l**2 + 54*l + 310. What is the remainder when p(40) is divided by 215?
10
Suppose -23*z = -7082 + 1171. Let k = 259 - z. What is the remainder when 9 is divided by k?
1
Suppose 5*i = -5*l + 50, l - 3*i + 1 = -1. Suppose -2*k - 20 = -l*k. Suppose 0*d + c = 2*d - 36, -2*c = k. Calculate the remainder when d is divided by 10.
7
Suppose 5 = n - 3*d + 3, 40 = 4*n + 4*d. Let j be ((-12)/n)/(12/208). Calculate the remainder when (-39)/j + (-157)/(-2) is divided by 28.
24
Let p = -30 - -46. Suppose 66 = 5*k + 5*t + p, -2*t + 14 = k